60 = 5*l. What are the prime factors of w?
751
Let v(u) = 3*u**2 - 57*u + 83. What are the prime factors of v(26)?
17, 37
Let v be 3*(5/3 + -1). Suppose v*x + 236 = -2*g, 0*x - 3*g = x + 110. What are the prime factors of (x/(-4))/(4/8)?
61
Let t = 425 - -1608. List the prime factors of t.
19, 107
Let j(u) = 14*u**3 + 9*u**2 - 88*u - 14. What are the prime factors of j(7)?
7, 659
Let w = 2071 + 625. What are the prime factors of w?
2, 337
Let i(n) = 8*n + 12. Let c be i(7). Let v be c/(-51)*90/(-4). Let t = 50 - v. List the prime factors of t.
2, 5
Let w(v) = -22*v - 22*v + 2 - 11*v. List the prime factors of w(-1).
3, 19
Let i = 37 - 33. List the prime factors of 1/i*(72 - 4).
17
Suppose -2*u - 10 = -4*v, -5*v + u = -4 - 7. Let q(a) = 48*a**2 - 4*a. List the prime factors of q(v).
2, 23
Let u be 2 + 1/2*0. Suppose -x - 5*k = u, x - k - 19 = k. Suppose 0 = 2*c - 9 - x. What are the prime factors of c?
11
Let i = 2 - 4. Let n be (-5 + 3)*(-6)/i. Let p(t) = t**3 + 6*t**2 - 4*t + 6. List the prime factors of p(n).
2, 3, 5
Let j(i) = 14*i**2 - 31*i - 3. Let f(c) = -5*c**2 + 10*c + 1. Let n(v) = -11*f(v) - 4*j(v). Let o be n(14). What are the prime factors of ((-3)/(-3) + 3)*o?
2
Suppose -5*n = 3*q - 825, 4*q + 2*n - 223 = 863. What are the prime factors of q?
2, 3, 5
Suppose f - 94 = -2*v + 625, -3*v - 4*f + 1086 = 0. Let c = -225 + v. What are the prime factors of c?
7, 19
Let w = -12 - -16. Suppose -n + 5*b = -11, w*b - 36 = -n + 5*n. Let x = n - -21. List the prime factors of x.
7
Let d(u) = u**3 + 5*u**2 + 9*u + 2. Let a be d(-5). Let o = a + 152. What are the prime factors of o?
109
Let l(z) be the second derivative of -z**3/2 - 19*z**2/2 + 16*z. List the prime factors of l(-10).
11
Let d = 146 - 148. List the prime factors of d/(-8) - (-10224)/64.
2, 5
Let y(k) = -212*k**3 + k**2 + 1. Suppose -7*c + 5*l = -9*c - 22, -5*l - 23 = 3*c. What are the prime factors of y(c)?
2, 107
List the prime factors of (874/(-10) + 3)/(7/(-35)).
2, 211
Suppose 0*k + 4*k = -24. What are the prime factors of 1/k + (662/12 - 4)?
3, 17
Let u be 28/(-8)*(-1 + -1). Suppose 5*m - 4*f = m + 4, -3*m + f = -u. Suppose 2*c + m*c = 10. What are the prime factors of c?
2
Suppose -u = -5*u. Suppose -4*b + 262 - 10 = u. What are the prime factors of b?
3, 7
Let x(b) = -b**2 + 10*b - 5. Let t be (0 + -6)*6/(-9). Let o be x(t). Let u = o - 9. List the prime factors of u.
2, 5
Let l(b) = -b**3 - 7*b**2 - 6*b - 6. Let p be l(-5). Let m = 76 + p. What are the prime factors of m?
2, 5
Let i(c) = 3*c**2 - 5*c - 8. Let u be i(-4). What are the prime factors of (-216)/20*u/(-9)?
2, 3
Suppose 2*w = -w + 6. Let x = w + -2. Suppose -26 = -x*z - z. What are the prime factors of z?
2, 13
Suppose 6*d + 20 = 2*d. List the prime factors of (3 + d)*(-59 + -2).
2, 61
Let u(p) = -2*p**2 - 3 + 3*p**2 - 4*p**2 - p**3 - 2*p. Let b be u(-3). What are the prime factors of 3 - (3/b - 24)?
2, 13
Let o be 1683/36 + 2/8. Suppose -3*c = 5*y - 58, -4*c + 5*y + o = -7. Suppose -3*q + c = -2*q. List the prime factors of q.
2
Let i be (-2)/6 + (-680)/(-51). List the prime factors of (-1 - -2) + i/13.
2
Suppose 2*p + 1 = f + p, 4*f = -5*p + 22. Suppose 17 = f*s - 1. Suppose -36 + s = -3*b. What are the prime factors of b?
2, 5
Let q = 395 - -350. What are the prime factors of q?
5, 149
Suppose 0 = -12*z + 13*z + 6. Let h be (z + 46)*10/4. Suppose 0 = -3*w + h - 34. List the prime factors of w.
2, 11
Let v(o) = 2*o**2 - 10*o + 2. What are the prime factors of v(7)?
2, 3, 5
Let q = 579 + -292. What are the prime factors of q?
7, 41
Let t(b) = -8*b**3 + 4*b**2 + 2*b - 3. Let o be t(-3). List the prime factors of (-4)/(-18) + 67743/o.
3, 31
Let c(l) = 2*l**2 - 2*l - 4. Let d be c(5). Suppose -d = -4*f + 4. What are the prime factors of f?
2, 5
Suppose 105*b + 13813 - 295003 = 0. What are the prime factors of b?
2, 13, 103
Suppose -25 = -2*i - f, 4*i + 6*f - 47 = 3*f. Suppose -4*v - 201 + 169 = 0. Let d = v + i. What are the prime factors of d?
2, 3
Let w(j) be the third derivative of -j**5/120 - j**4/12 - 2*j**3 + 3*j**2. Let x(b) be the first derivative of w(b). List the prime factors of x(-7).
5
Let i(j) be the second derivative of j**5/20 + j**4/4 - j**3/3 - j**2/2 + 23*j. What are the prime factors of i(-2)?
7
Let x be ((-24)/(-10))/(20/550). List the prime factors of (-44)/x + 131/3.
43
Let p(j) = 7*j**3 - 2*j + 12. List the prime factors of p(4).
2, 113
Suppose -5*d - 2*l = 2*l - 588, 0 = 4*d - 3*l - 489. Suppose 4*c = -0*c + 4, -5*j + 419 = -c. Let k = d - j. List the prime factors of k.
2, 3
Suppose 0 = 4*y - 2*w - 9590, 3*w + 176 = 173. What are the prime factors of y?
3, 17, 47
Let i(x) = -146*x - 4. Let w be i(-1). Suppose -7*o = -835 + w. What are the prime factors of o?
3, 11
Let f(j) = j**3 - 9*j**2 + 26*j - 16. What are the prime factors of f(10)?
2, 43
Let c(k) be the second derivative of -2*k**5/5 - 5*k. Let g be c(-1). List the prime factors of 152/g + (2 - 1).
2, 5
Let t = 35 - 30. Suppose t*a - 279 = 3*b, -7*b = 4*a - 3*b - 236. List the prime factors of a.
3, 19
Let o = -22 + 26. Suppose -o*g = 3*v - 63 - 42, 5*g = -15. List the prime factors of v.
3, 13
Suppose -2*f - 8 = -6*c + 2*c, -3*c = -4*f + 4. Let k be (-4)/(-16)*f*1. Suppose 3*i - k - 5 = 2*h, 0 = -5*i + h + 17. What are the prime factors of i?
2
Let z be ((-132)/(-18))/(3/(-9)). Let c = 25 + z. Suppose c*j - 99 = -5*a, 0 = -2*a + 4*a + 2*j - 38. What are the prime factors of a?
3, 7
Let a(s) = -2*s**3 - 9*s**2 - 6*s - 34. What are the prime factors of a(-6)?
2, 5, 11
Let m(p) = 10*p - 18. Let w(l) = 10*l - 18. Let z(f) = -4*m(f) + 3*w(f). List the prime factors of z(-7).
2, 11
Let a be 21/2 - (-2)/4. Suppose -13*b = -a*b - 8. What are the prime factors of (51 + -1)/(b + -2)?
5
Suppose 0 = -4*l + 2*h - 352, -4*l = -5*h + 260 + 104. What are the prime factors of (l - 18)/(1/(-2))?
2, 13
Let m(r) = 11*r - 47. What are the prime factors of m(9)?
2, 13
Suppose 12*s - 9*s - 51 = 0. What are the prime factors of s?
17
Let g = 61 - 56. Suppose 0 = i - 4*j + 5*j - 204, 3*j = g*i - 988. List the prime factors of i.
2, 5
Let j = 461 + 296. What are the prime factors of j?
757
Suppose 49 + 2 = 3*c. Suppose 0 = 16*t - c*t + 16. What are the prime factors of t?
2
Let d be (-120)/(-16)*(-616)/(-10). Suppose -4*l = -876 + 204. Suppose -l = 6*z - d. What are the prime factors of z?
7
Suppose 13*b + 18 = 10*b. Let w(j) = -32*j - 32. What are the prime factors of w(b)?
2, 5
Suppose -3*i - i = 2*q - 10, 5*i - 3*q - 40 = 0. What are the prime factors of 3/((-6)/(-20)*i)?
2
Let g be (-7)/((-28)/(-12)) - 3/(-1). Suppose g = -4*k + 11*k - 924. What are the prime factors of k?
2, 3, 11
Suppose 0 = -8*t + 1112 + 880. What are the prime factors of t?
3, 83
Let j = 29 - 9. Let w be (-12)/10*j/(-6). Suppose -37 = -w*n - 3*i, 0*i - 51 = -5*n + i. What are the prime factors of n?
2, 5
Suppose 8*d - 15 = 5*d, 2*a - 1465 = -3*d. List the prime factors of a.
5, 29
Let i(w) = -w**3 - 6*w**2 + 2*w + 5. Let a = -17 - -11. Let j be i(a). List the prime factors of (-8 - -4)*1*j.
2, 7
Suppose -5*i = -4*r + 3, 2*r - i = -5*i + 8. Let k = r + -8. What are the prime factors of (-58)/(-2)*(7 + k)?
29
Let d(f) = -f**3 + 37*f**2 - 10*f + 410. What are the prime factors of d(35)?
2, 5, 251
Let t = 2959 + -778. What are the prime factors of t?
3, 727
Let z(o) be the second derivative of -o**5/20 - 5*o**4/6 + 4*o**3/3 + 6*o**2 + 6*o. List the prime factors of z(-11).
3, 5
Let d = 51 - 51. Suppose o - 108 + 4 = d. List the prime factors of o.
2, 13
Let m = 1782 - 4422. List the prime factors of 4/14 + (m/(-21) - 3).
3, 41
Suppose -3*n - 3*l + 9 = 0, -18 = -4*n + l + l. Suppose -209 = 3*s - 4*s + n*f, -5*s = f - 982. List the prime factors of s.
197
Let m be (8 - 7)*(-1 - 1*312). Let a = -163 - m. What are the prime factors of a?
2, 3, 5
Let v(j) = j + 10. Let a be v(-6). Suppose -3*m + a*m = 3. Suppose 0 = -m*k + 28 - 1. List the prime factors of k.
3
List the prime factors of (6/(-4))/((-18154)/(-9080) - 2).
2, 5, 227
Suppose 3*x = 4*c - 3362, x - 12 = -10. List the prime factors of c.
2, 421
Let k(m) = -m - 7. Let j be k(7). Let f(p) be the third derivative of -p**5/60 - 2*p**4/3 - 7*p**3/2 + 2*p**2 + 13. List the prime factors of f(j).
7
Let n = -404 + 936. What are the pri